t is -101210 (base 5) in base 4?
-303221
Convert -789d (base 15) to base 13.
-b842
Convert 35a0 (base 11) to base 8.
11144
What is -65316 (base 7) in base 5?
-1010111
-302 (base 12) to base 3
-121002
What is 1455 (base 6) in base 16?
18b
What is -13104 (base 5) in base 14?
-537
What is 16a7 (base 12) in base 10?
2719
66 (base 14) to base 8
132
What is 63210 (base 8) in base 9?
40004
Convert -15405 (base 6) to base 2.
-100111011101
-42523 (base 6) to base 15
-1ac6
3 (base 14) to base 3
10
Convert 10111000001 (base 2) to base 13.
894
Convert 317 (base 8) to base 15.
dc
Convert -68660 (base 10) to base 6.
-1245512
-386 (base 10) to base 16
-182
1013110 (base 4) to base 13
2101
What is 4dcf (base 16) in base 12?
b63b
Convert -2ab1 (base 16) to base 7.
-43602
Convert 4101 (base 10) to base 4.
1000011
372 (base 9) to base 13
1a9
What is 307 (base 10) in base 8?
463
-16 (base 11) to base 8
-21
-16565 (base 9) to base 7
-45143
What is -17496 (base 11) in base 9?
-36604
What is -8b44 (base 15) in base 11?
-20214
-195 (base 11) to base 3
-22100
Convert -344210 (base 6) to base 13.
-10539
Convert 417 (base 12) to base 6.
2431
What is -1000010011001 (base 2) in base 6?
-31401
What is -112000 (base 3) in base 9?
-460
Convert -200222 (base 4) to base 10.
-2090
312 (base 8) to base 14
106
45141 (base 7) to base 11
8621
What is 6a73 (base 16) in base 10?
27251
Convert -2377 (base 13) to base 14.
-1b71
What is -237 (base 12) in base 15?
-171
20032 (base 10) to base 4
10321000
4430 (base 7) to base 10
1589
Convert 5065 (base 10) to base 2.
1001111001001
What is -1042200 (base 5) in base 13?
-8504
Convert 18593 (base 11) to base 16.
658c
What is -5013 (base 7) in base 4?
-122331
What is 3311 (base 8) in base 7?
5031
Convert -112324 (base 6) to base 3.
-111012121
What is 182 (base 14) in base 10?
310
What is -10213001 (base 4) in base 14?
-6c49
Convert 33123 (base 4) to base 15.
45c
Convert 606 (base 10) to base 16.
25e
-87674 (base 9) to base 12
-29794
Convert -44022 (base 8) to base 9.
-27270
Convert -777 (base 11) to base 4.
-32203
Convert -385 (base 12) to base 16.
-215
Convert 5466 (base 11) to base 3.
100220002
3440 (base 12) to base 6
42520
Convert -a5 (base 15) to base 6.
-415
What is -9d1 (base 16) in base 12?
-1555
What is 2146 (base 14) in base 13?
2800
Convert -101220112 (base 3) to base 14.
-2c80
-41267 (base 9) to base 16
-6a3c
What is 2210102 (base 3) in base 2?
11111110100
What is 704 (base 8) in base 11?
381
32918 (base 12) to base 9
111782
10001100011110 (base 2) to base 6
105342
64 (base 7) to base 12
3a
Convert -10198 (base 11) to base 10.
-14869
-3739 (base 13) to base 14
-2bca
45 (base 8) to base 14
29
31a2 (base 11) to base 3
12210112
Convert 704 (base 13) to base 15.
542
Convert 560 (base 10) to base 13.
341
What is 1001010110 (base 2) in base 9?
734
-112154 (base 6) to base 4
-2111212
Convert -75b (base 16) to base 15.
-858
302002 (base 4) to base 5
100302
Convert -19b6 (base 13) to base 6.
-25523
-1c4d (base 14) to base 5
-131130
-1131 (base 6) to base 11
-227
Convert 1211121 (base 3) to base 15.
5e4
What is -61d0 (base 14) in base 2?
-100000111001010
6b (base 12) to base 5
313
What is -6152 (base 7) in base 3?
-2221102
What is -10000220 (base 3) in base 7?
-6306
Convert -d1a5 (base 14) to base 2.
-1000110010101101
What is -4039 (base 11) in base 16?
-14f6
102110221 (base 3) to base 4
2002300
23332 (base 14) to base 13
30010
Convert 3c15 (base 15) to base 9.
18552
What is -18a (base 14) in base 4?
-10332
Convert a7b (base 14) to base 16.
815
3051 (base 8) to base 15
702
What is -11055 (base 10) in base 5?
-323210
Convert -ca4 (base 13) to base 11.
-1696
Convert 1533400 (base 6) to base 7.
524010
Convert -233404 (base 6) to base 2.
-100111100001100
Convert 4bb0 (base 12) to base 9.
12746
Convert 55296 (base 11) to base 15.
18b72
Convert 7049 (base 12) to base 5.
342103
What is -28a (base 16) in base 9?
-802
What is -22629 (base 11) in base 8?
-77675
2012504 (base 6) to base 3
11211121211
Convert -286 (base 14) to base 8.
-776
Convert 3011 (base 4) to base 5.
1242
Convert 21004 (base 6) to base 4.
223330
What is 2581 (base 12) in base 7?
15313
-15428 (base 12) to base 11
-20589
Convert 11100 (base 2) to base 3.
1001
Convert -110110110 (base 2) to base 14.
-234
What is -2843 (base 10) in base 8?
-5433
-1174 (base 9) to base 2
-1101101101
What is -20100 (base 5) in base 14?
-671
What is -19581 (base 11) in base 3?
-1101110122
1212 (base 4) to base 13
7b
3b1 (base 14) to base 11
616
Convert -422 (base 5) to base 8.
-160
What is -b0b (base 15) in base 10?
-2486
Convert -3300002 (base 4) to base 11.
-105a6
Convert -120021 (base 3) to base 9.
-507
-2300131 (base 4) to base 6
-124141
Convert 620 (base 8) to base 16.
190
-302 (base 10) to base 2
-100101110
Convert 6332 (base 10) to base 11.
4837
Convert 3029 (base 15) to base 16.
27b4
Convert -2894 (base 13) to base 5.
-141432
39077 (base 10) to base 7
221633
What is -2250 (base 13) in base 3?
-20120200
-997 (base 13) to base 11
-1266
Convert 20130 (base 6) to base 15.
bb6
What is -27d (base 16) in base 4?
-21331
What is 462 (base 13) in base 9?
1030
Convert 673 (base 11) to base 8.
1446
100001010101101 (base 2) to base 3
212102012
-50502 (base 6) to base 11
-5007
What is -23 (base 11) in base 15?
-1a
8280 (base 10) to base 15
26c0
Convert 244 (base 16) to base 7.
1456
What is 17430 (base 10) in base 3?
212220120
Convert -382 (base 15) to base 2.
-1100011101
Convert -15a6 (base 15) to base 16.
-1230
-1d2a (base 14) to base 9
-7272
-20314 (base 5) to base 6
-10102
3230 (base 9) to base 3
10021000
Convert 110001 (base 3) to base 16.
145
Convert -420423 (base 5) to base 9.
-21013
120510 (base 6) to base 2
10100100111010
What is 13131 (base 4) in base 8?
735
What is -200053 (base 7) in base 13?
-12418
Convert -3542 (base 8) to base 15.
-860
What is -201 (base 3) in base 13?
-16
-2b50 (base 13) to base 5
-200233
-9513 (base 10) to base 13
-443a
What is -212211 (base 3) in base 7?
-1606
-22637 (base 8) to base 13
-44cb
Convert 2897 (base 15) to base 16.
21f4
13460 (base 8) to base 3
22010212
Convert -15640 (base 8) to base 10.
-7072
1001011001101100 (base 2) to base 14
10068
What is 47666 (base 8) in base 11?
14371
Convert -13235 (base 9) to base 14.
-338a
Convert 90a4 (base 11) to base 15.
38b3
Convert 6434 (base 8) to base 5.
101411
Convert -10101000010111 (base 2) to base 6.
-121515
Convert -119 (base 13) to base 5.
-1231
743 (base 10) to base 15
348
Convert -136 (base 16) to base 15.
-15a
1965 (base 10) to base 7
5505
2538 (base 11) to base 16
cec
What is -325313 (base 6) in base 3?
-1101012100
Convert -201202 (base 3) to base 4.
-20111
1ab7 (base 13) to base 3
12112112
What is -6384 (base 14) in base 6?
-211252
What is a8d (base 14) in base 11?
1626
223 (base 7) to base 13
8b
What is -6838 (base 16) in base 6?
-323304
19a4 (base 11) to base 14
cd0
Convert 1221001 (base 3) to base 9.
1831
What is 32331 (base 4) in base 9?
1273
What is 6593 (base 12) in base 16?
2bbf
Convert 1a0 (base 14) to base 4.
11100
What is -24123 (base 5) in base 16?
-6fc
What is -5213 (base 6) in base 13?
-6b4
What is -a42 (base 12) in base 4?
-113102
6660 (base 7) to base 4
211122
What is 3554 (base 11) in base 8?
11061
12202120 (base 3) to base 9
5676
-744b (base 15) to base 8
-60024
130001 (base 7) to base 3
1012221022
6713 (base 8) to base 7
13203
What is 388 (base 13) in base 6?
2511
-4624 (base 11) to base 6
-44044
What is 1032131 (base 4) in base 8?
11635
Convert -1e11 (base 15) to base 9.
-8867
-1001001000 (base 2) to base 3
-210122
Convert 7ca2 (base 15) to base 7.
140123
What is -109 (base 14) in base 11?
-177
4061 (base 9) to base 5
43341
Convert 12501 (base 6) to base 10.
1909
Convert -b00 (base 12) to base 7.
-4422
What is 413 (base 8) in base 15?
12c
What is -608 (base 11) in base 15?
-33e
What is -8198 (base 12) in base 4?
-3130010
What is -2154 (base 10) in base 5?
-32104
Convert 3654 (base 7) to base 14.
6d4
Convert -644 (base 7) to base 6.
-1302
Convert 3158 (base 10) to base 7.
12131
411254 (base 6) to base 9
48787
Convert 231230 (base 6) to base 5.
1112441
11011102 (base 3) to base 12
190b
What is 2211122212 (base 3) in base 5?
3242021
What is -111110000111010 (base 2) in base 4?
-13300322
1170d (base